{"id":127,"date":"2017-02-11T17:15:45","date_gmt":"2017-02-11T16:15:45","guid":{"rendered":"http:\/\/www.cocommerciando.com\/test\/abbonamenti\/?post_type=product&#038;p=127"},"modified":"2017-12-04T15:40:03","modified_gmt":"2017-12-04T14:40:03","slug":"revolution-zona-1","status":"publish","type":"product","link":"https:\/\/www.abbonatiweb.it\/site\/prodotto\/revolution-zona-1\/","title":{"rendered":"Revolution Zona 1"},"content":{"rendered":"<table border=\"0\" cellspacing=\"10\" cellpadding=\"6\">\n<tbody>\n<tr>\n<td align=\"left\" valign=\"top\">Categoria: Orologeria<br \/>\nPrezzo Intero: \u20ac 110,00<br \/>\nPrezzo Scontato: \u20ac 110,00<br \/>\nSconto: \u20ac 0%<br \/>\nNumero Copie: 4<\/td>\n<\/tr>\n<tr>\n<td align=\"left\" valign=\"top\">Revolution \u00e8 un magazine trimestrale che fa dell&#8217;orologeria la propria ragion d&#8217;essere. Siamo una rivista di lifestyle completa, e riteniamo che l&#8217;orologio meccanico sia lo strumento primario dell&#8217;espressione di s\u00e9. Vogliamo rendere omaggio alla filosofia e alla lavorazione artigianale, alla creativit\u00e0 messa al servizio della funzionalit\u00e0 e all&#8217;essenzialit\u00e0 tecnica che sono espresse dai pi\u00f9 grandi segnatempo del mondo. In Revolution, la qualit\u00e0 e l&#8217;autorevolezza del contenuto editoriale sono requisiti fondamentali.<\/td>\n<\/tr>\n<\/tbody>\n<\/table>\n","protected":false},"excerpt":{"rendered":"<p>Categoria: Orologeria Prezzo Intero: \u20ac 110,00 Prezzo Scontato: \u20ac 110,00 Sconto: \u20ac 0% Numero Copie: 4 Revolution \u00e8 un magazine trimestrale che fa dell&#8217;orologeria la propria ragion d&#8217;essere. Siamo una rivista di lifestyle completa, e riteniamo che l&#8217;orologio meccanico sia lo strumento primario dell&#8217;espressione di s\u00e9. Vogliamo rendere omaggio alla filosofia e alla lavorazione artigianale, [&hellip;]<\/p>\n","protected":false},"featured_media":310,"comment_status":"closed","ping_status":"closed","template":"","meta":[],"product_brand":[],"product_cat":[22],"product_tag":[23],"class_list":{"0":"post-127","1":"product","2":"type-product","3":"status-publish","4":"has-post-thumbnail","6":"product_cat-orologeria","7":"product_tag-revolution","9":"first","10":"instock","11":"virtual","12":"purchasable","13":"product-type-simple"},"_links":{"self":[{"href":"https:\/\/www.abbonatiweb.it\/site\/wp-json\/wp\/v2\/product\/127","targetHints":{"allow":["GET"]}}],"collection":[{"href":"https:\/\/www.abbonatiweb.it\/site\/wp-json\/wp\/v2\/product"}],"about":[{"href":"https:\/\/www.abbonatiweb.it\/site\/wp-json\/wp\/v2\/types\/product"}],"replies":[{"embeddable":true,"href":"https:\/\/www.abbonatiweb.it\/site\/wp-json\/wp\/v2\/comments?post=127"}],"wp:featuredmedia":[{"embeddable":true,"href":"https:\/\/www.abbonatiweb.it\/site\/wp-json\/wp\/v2\/media\/310"}],"wp:attachment":[{"href":"https:\/\/www.abbonatiweb.it\/site\/wp-json\/wp\/v2\/media?parent=127"}],"wp:term":[{"taxonomy":"product_brand","embeddable":true,"href":"https:\/\/www.abbonatiweb.it\/site\/wp-json\/wp\/v2\/product_brand?post=127"},{"taxonomy":"product_cat","embeddable":true,"href":"https:\/\/www.abbonatiweb.it\/site\/wp-json\/wp\/v2\/product_cat?post=127"},{"taxonomy":"product_tag","embeddable":true,"href":"https:\/\/www.abbonatiweb.it\/site\/wp-json\/wp\/v2\/product_tag?post=127"}],"curies":[{"name":"wp","href":"https:\/\/api.w.org\/{rel}","templated":true}]}}